 - 9 = a. Let p = g - 7. List the prime factors of p.
2
Let u(j) be the first derivative of j**4/4 - 7*j**3/3 + 4*j**2 + 4*j - 1. Let o be u(6). Suppose -t = o - 31. List the prime factors of t.
3, 5
Let k = 103 + -100. Suppose -274 - 317 = -4*q - 5*t, 0 = -2*q + k*t + 301. What are the prime factors of q?
149
Let y = -861 - -1476. What are the prime factors of y?
3, 5, 41
List the prime factors of 1*(-4)/24 - 27223/(-42).
2, 3
Let c(g) = 2*g**2 + 3*g - 65. List the prime factors of c(21).
2, 5, 11
Let l be (-119)/(-68)*2*12. Let b be 3 + -1 + 1/1. Suppose -b*h + l = -21. What are the prime factors of h?
3, 7
Let z be 7/2 - (-9)/6. Suppose 3*m - 114 = m. Suppose 22 = -z*p + m. What are the prime factors of p?
7
Suppose -a - 20 = -4*w, 2*w + w - 15 = 4*a. Suppose w*q - 3*t + 18 = 0, 7*q + 22 = 2*q + 2*t. What are the prime factors of 88/q*15/(-5)?
2, 11
Let r be ((-12)/15)/((-14)/(-175)). Let j(u) = -u**2 - 13*u + 9. List the prime factors of j(r).
3, 13
Suppose 99 = -s - 2*s. Let r = -273 - -276. List the prime factors of (-22)/s + 100/r.
2, 17
Let i = -69 + 69. Suppose j = p - 112, 4*j + 563 = 5*p - i*p. What are the prime factors of p?
5, 23
Let v(t) = 39*t**2 - 9*t + 8. Let s be v(3). Suppose 3*r + s = 6*c - 4*c, -140 = -c - 5*r. What are the prime factors of c?
2, 5
Let a = 55 - 59. List the prime factors of ((-40)/50)/(a/670).
2, 67
Let w(h) = -19*h + 6*h + 1 + 9*h + 3*h. Let r be w(-2). Let t(j) = 5*j + 3. What are the prime factors of t(r)?
2, 3
What are the prime factors of (-13 - 2/(-2))*1767/(-228)?
3, 31
Suppose 0*r - 4*r + 1764 = 0. List the prime factors of r.
3, 7
Let q = 73 + -71. Suppose 5*h - 180 = -y, 3*y - h = q*h + 450. What are the prime factors of y?
5, 31
Let x = -392 - -396. List the prime factors of x.
2
Let k = 502 + -271. Let j = -128 + k. List the prime factors of j.
103
Let n(p) be the first derivative of 2*p**3 + p**2 + 7*p + 14. List the prime factors of n(-4).
5, 19
Suppose -5*u = 4*x - 80, 6 = -4*x + u + 86. Let c = x + -14. Suppose -3*r + c*r - 105 = 0. List the prime factors of r.
5, 7
Let r be -9 + (4 - 1) + -3. Let y be r/(-9) - (-1 - 20). List the prime factors of (-3)/(-4 + 85/y).
2, 11
Let v(w) = w. Let q be v(-2). Let a = 3 - q. Suppose -4*k - 4*l + 124 = 0, -3*k + a*l + 6 = -103. List the prime factors of k.
3, 11
Suppose p - 2*i - 3 = -i, 5*i + 25 = -5*p. Let k be 0 + p + 34 + 0. Let f = 54 - k. List the prime factors of f.
3, 7
Let d(b) be the third derivative of b**5/60 + 19*b**4/24 - 5*b**3/3 + 5*b**2. List the prime factors of d(-24).
2, 5, 11
Let a = -1202 - -1912. What are the prime factors of a?
2, 5, 71
Let o = -518 + 4527. List the prime factors of o.
19, 211
Let h = 857 + -90. List the prime factors of h.
13, 59
Let n = -80 - -114. What are the prime factors of n?
2, 17
Suppose -2*f = -6*f - 24. Let w(u) = u**3 + 6*u**2 + 4*u. Let c be w(f). Let y = 43 + c. List the prime factors of y.
19
Suppose 7*f = 401 - 114. Suppose -r + 3*d = -f - 36, -2*r - d = -140. List the prime factors of r.
71
Let d = 135 - -56. Let f = d + -128. List the prime factors of f.
3, 7
Let f = -93 + 198. Suppose -f = -5*z + 185. List the prime factors of z.
2, 29
Let y = 756 + -489. What are the prime factors of y?
3, 89
What are the prime factors of 12*((-3729)/99)/((-4)/21)?
3, 7, 113
Let d(n) = 5*n**2 + 2*n - 21. Let o be d(7). Suppose 0*u = 2*u - o. List the prime factors of u.
7, 17
Let k = 11 + -9. Suppose f - 162 = -0*f - o, -4*f - k*o + 652 = 0. What are the prime factors of f?
2, 41
Suppose -3*x + x = 3*a + 11, -a + 5*x = -2. Let k = a - -5. Suppose 22 + 20 = k*n. What are the prime factors of n?
3, 7
Let w(p) = p**2 + 4*p - 3. Let m be w(-5). Suppose 0 = -c + 3, -l - 443 = -3*l - c. Suppose 3*o + m*y = -o + l, -y = 0. What are the prime factors of o?
5, 11
Let b = 389 + -238. What are the prime factors of b?
151
Let q = 6 - 4. Suppose q*l + 4*l = 282. List the prime factors of l.
47
Let y(b) = 18*b**2 - 61*b + 35. List the prime factors of y(14).
3, 7, 43
List the prime factors of (-10)/15 + (-1409)/(-3) - -2.
3, 157
Suppose -y = -t - 3293, -7*y - 4*t = -6*y - 3303. What are the prime factors of y?
5, 659
Suppose -2020 + 94 = -6*r. Suppose r = 3*t - 5*i, 111 = 2*t + 2*i - 103. List the prime factors of t.
107
Let u(t) = -7*t**3 - 6*t**2 + 4*t. Let p be u(4). What are the prime factors of (p/60)/(2/(-10))?
2, 11
Let i(d) = d**2 - 6*d + 6. Let z be i(4). What are the prime factors of ((-238)/(-28))/((-1)/z)?
17
Let a(k) = 0 + k**2 - k - 4 + k**2 + 3*k. Suppose 6 = -m - 0. List the prime factors of a(m).
2, 7
Let j be 12/(-2*2) - -8. Suppose 75 = -5*i - 5*q, -i = -j*i - q - 51. What are the prime factors of i/30 - (-112)/5?
2, 11
Let c(s) = -2*s - 16. Let g be c(-9). Let b(o) be the third derivative of 17*o**4/24 - o**3/3 + 8*o**2. What are the prime factors of b(g)?
2
Let o = 12 + 54. Suppose -4*l + 264 = -x, 0*l - l = 4*x - o. List the prime factors of l.
2, 3, 11
Let g(k) = 6*k - 6. Let r be g(-5). What are the prime factors of ((11 - 2)/27)/((-2)/r)?
2, 3
Let b(g) = -5*g - 3*g**2 - 17 + g**3 + 7*g**2 + 5*g**2 + 3*g. What are the prime factors of b(-8)?
3, 7
What are the prime factors of 16/(-112)*-278*(29 + -1)?
2, 139
Let s = 169 + 245. What are the prime factors of s?
2, 3, 23
Suppose 2*k + 58 - 184 = 0. Let n = k - -17. What are the prime factors of n?
2, 5
Let y = 28 - 21. Suppose 3*g = y*g - 8. List the prime factors of g/(-5) + (-81)/(-15).
5
Suppose 0 = m - 2*i + 2 - 15, 10 = -5*m - 5*i. Suppose -5*y = 2*p - 965, -m*y + 579 = -0*y - 2*p. What are the prime factors of y?
193
Let u = 29 - 25. Let d(s) = 2*s**2 - 7*s - 2. Let g be d(u). Suppose g*z - 3*r - 140 = r, 5*z + r = 306. List the prime factors of z.
2, 31
Let h(k) = 4*k - 16. Let o be h(12). Let b = o - -30. List the prime factors of b.
2, 31
Suppose 0 = -a + 3*j + 6512, 0*j - 5*j - 19536 = -3*a. What are the prime factors of a?
2, 11, 37
Suppose 49 = g + p + 3*p, 0 = -4*p. Suppose 2*c + 10 - g = -f, -f = -c + 27. Let v = c + -18. What are the prime factors of v?
2
Suppose 7*t = 2*t + 15. Let x be (85/10)/(2/24). List the prime factors of (2/4)/(t/x).
17
Let s = -1669 + 4736. What are the prime factors of s?
3067
Let x = 66 + -180. Let y = 200 + x. What are the prime factors of y?
2, 43
Let n = -509 + 964. What are the prime factors of n?
5, 7, 13
Suppose 13 = -2*t - 135. Let v = t + 108. Suppose 75 = 4*y + 5*i - v, -y + 24 = -2*i. What are the prime factors of y?
2, 13
Let c be 0 - -1 - -3*2. Suppose -5*r + 35 = -m, -7*m = -4*r - 5*m + 34. Suppose v - 3*b - r = 0, 4*b = -2*v + c*b + 21. List the prime factors of v.
3, 5
Let s(a) = 16 + 5*a + 15 + 88 + 1. List the prime factors of s(0).
2, 3, 5
Suppose -4*k = r - 30, k = r - 0*r - 5. Suppose -r*s + 11*s - 115 = 0. List the prime factors of s.
5, 23
Let b(x) = -x**2 + 17*x + 8. Let u(w) = 1. Let a(n) = b(n) - 5*u(n). What are the prime factors of a(11)?
3, 23
Suppose 5*c + 3*o = -2*o + 130, 2*c - 56 = -4*o. List the prime factors of c.
2, 3
Let j(i) = 4*i**2 + 7*i + 1. Let a be j(-2). Let s = -1 + 1. What are the prime factors of a/(-12)*s + 25?
5
Let q(l) = 115*l - 94. What are the prime factors of q(8)?
2, 7, 59
Suppose 362*v - 323*v + 390 = 0. Suppose 0 = 5*d - 5*o - 110, -5*d - 5*o = -45 - 45. Let q = v + d. List the prime factors of q.
2, 5
Let h be -1*(-28)/(4/1). List the prime factors of (h + -5)*1 + 204.
2, 103
Let m = 6 + -6. Suppose -3*r + 112 + 80 = m. What are the prime factors of r?
2
Let a(o) = 19*o + 4. Let l be 81/(-6) + 7/14. Let g = l - -16. List the prime factors of a(g).
61
List the prime factors of 21*413/21 - (4 - 6).
5, 83
Suppose -4943 = -10*t - 93. What are the prime factors of t?
5, 97
Let z(u) be the first derivative of -41/2*u**2 - u - 7. What are the prime factors of z(-1)?
2, 5
Let s be (1 + -1)/(-10 - -9). Suppose s = a - 3, -4*a - 30 = -5*m + 258. What are the prime factors of (-4 + 1)*m/(-9)?
2, 5
Let g be (-6858)/(-15) - (-3)/(-15). Suppose 2*x + 4*n = -n + g, 695 = 3*x - 2*n. List the prime factors of x.
3, 7, 11
Let u(b) = -b. Let k(w) = -6*w. Let o(d) = k(d) - 4*u(d). Let i be o(-2). Suppose 4*v - v = -2*q + 65, -q + i*v + 5 = 0. What are the prime factors of q?
5
Let z = 632 + -241. What are the prime factors of z?
17, 23
List the prime factors of -6 - 